Determine m(-4).
132
Let k(s) = -s**2 + 54*s - 153. What is k(4)?
47
Let y(b) = 922*b + 36888. What is y(-40)?
8
Let y(l) = -49*l + 204. Calculate y(4).
8
Let v(m) = 23*m - 1536. Give v(67).
5
Let c(z) = 46*z - 5. Calculate c(-3).
-143
Let i(u) = -6*u**2 - 290*u - 835. Calculate i(-45).
65
Let s(g) = g**3 - 47*g**2 - 6*g - 150. What is s(47)?
-432
Let h(u) = -u**3 + 19*u**2 + 5*u - 72. Calculate h(19).
23
Let b(c) = -16*c**2 + 35*c - 2. What is b(2)?
4
Let d(o) = -12*o - 44. Determine d(16).
-236
Let v(p) = 5*p - 307. What is v(10)?
-257
Let y(n) = -30*n + 2633. Calculate y(88).
-7
Let r(h) = 14*h**2 - 116*h + 2. Give r(8).
-30
Let h(m) = 245*m + 2896. Calculate h(-13).
-289
Let v(x) = -84*x + 67. Determine v(2).
-101
Let y(p) = 5*p**2 + 179*p + 1347. What is y(-25)?
-3
Let j(l) = 2*l**2 - 438*l + 2554. Determine j(6).
-2
Let c(j) = 7*j**3 + 69*j**2 + 108*j + 477. Determine c(-9).
-9
Let a(u) = 252*u - 8057. Calculate a(32).
7
Let i(k) = k**2 + 9*k - 214. What is i(11)?
6
Let m(r) = -r**3 + 38*r**2 - 135*r + 1068. Calculate m(35).
18
Let a(y) = y**3 + 6*y**2 - 20*y - 35. Calculate a(-8).
-3
Let x(v) = v**2 - 35*v - 1230. Determine x(-22).
24
Let v(u) = -u**2 + 40. Calculate v(9).
-41
Let i(f) = 2*f**2 + 11*f - 15. Calculate i(-8).
25
Let p(k) = k**3 + 8*k**2 + 25*k + 300. What is p(-9)?
-6
Let f(p) = 23*p**3 - 2*p**2 + 9*p + 34. Determine f(-2).
-176
Let n(g) = 496*g - 95. Give n(1).
401
Let y(t) = -19*t + 152. Determine y(9).
-19
Let m(v) = 374*v + 5234. What is m(-14)?
-2
Let o(m) = 129*m - 1012. Give o(8).
20
Let h(r) = 4*r**2 - 10*r - 51. Determine h(-6).
153
Let h(l) = 556*l - 9451. What is h(17)?
1
Let l(k) = -1775*k + 5215. Calculate l(3).
-110
Let m(c) = -94*c + 8425. Calculate m(91).
-129
Let c(d) = d**3 + 155*d**2 + 883*d - 1651. Give c(-149).
-12
Let b(w) = w**3 + 8*w**2 - 40*w - 142. What is b(-11)?
-65
Let z(t) = -4*t**2 - 20*t + 68. Determine z(-6).
44
Let d(o) = 4*o**3 + o**2 + o - 3. Calculate d(-2).
-33
Let o(q) = -585*q - 17. Give o(0).
-17
Let s(a) = -a**2 + 105*a + 537. What is s(110)?
-13
Let h(n) = -n**3 - 41*n**2 - 23*n - 764. Give h(-41).
179
Let t(h) = 92*h - 666. What is t(7)?
-22
Let p(d) = -d**3 - 38*d**2 - 164*d + 13. Calculate p(-33).
-20
Let l(n) = n**2 - 38*n + 147. What is l(4)?
11
Let t(k) = -k**2 - 56*k + 23238. What is t(-183)?
-3
Let o(h) = 14*h**2 + 17*h + 6. What is o(4)?
298
Let b(f) = 99*f**2 - f + 3. Give b(1).
101
Let r(l) = -l**3 - 258*l**2 + 1053*l - 32. Calculate r(4).
-12
Let b(k) = 7*k**2 + 210*k - 7. Determine b(-30).
-7
Let w(k) = 121*k + 2128. What is w(-18)?
-50
Let l(k) = k**3 - 8*k**2 + 14*k + 76. What is l(-2)?
8
Let x(c) = -11*c**3 - 12*c**2 + 13*c + 30. Calculate x(-3).
180
Let s(x) = -4*x**2 - 17*x + 6. Calculate s(-8).
-114
Let o(p) = -18*p + 625. Calculate o(16).
337
Let l(d) = 4*d**3 - 7*d**2 - 13*d - 8. Give l(-2).
-42
Let f(a) = 2*a**3 - 24*a**2 - 18*a + 436. Determine f(11).
-4
Let z(b) = -b**3 + 6*b**2 - 16*b + 107. What is z(7)?
-54
Let w(i) = 3*i**2 - 78*i - 69. Give w(29).
192
Let z(k) = 154*k - 2278. Determine z(15).
32
Let x(q) = 5*q**3 + 11*q**2 - 17*q - 22. Determine x(-3).
-7
Let j(d) = -2*d**2 + 231*d + 8060. What is j(-28)?
24
Let m(o) = -2*o**3 + 9*o**2 - 21*o + 69. Give m(4).
1
Let q(l) = 2*l**2 + 5*l + 35. Determine q(-16).
467
Let o(b) = 3*b + 503. Give o(-163).
14
Let i(w) = -66*w + 2113. Give i(32).
1
Let w(b) = 36*b**2 - 735*b - 2209. Calculate w(-3).
320
Let m(n) = -135*n - 1451. Determine m(-11).
34
Let w(v) = -v**2 + v + 27. Calculate w(6).
-3
Let r(z) = z**2 - 232*z - 3188. Determine r(-13).
-3
Let w(p) = -p**3 + 2*p**2 + 183*p - 544. What is w(3)?
-4
Let a(y) = 22*y**2 + 2. Give a(1).
24
Let b(v) = 15*v - 170. What is b(10)?
-20
Let u(a) = 5*a - 47. Determine u(-29).
-192
Let z(o) = o**2 + 8*o - 7. What is z(0)?
-7
Let r(a) = 547*a + 4900. What is r(-9)?
-23
Let p(d) = -8*d**2 + 48*d + 1. Calculate p(3).
73
Let y(v) = -31*v - 757. Give y(-24).
-13
Let a(x) = -3*x**2 + 49*x - 2. Give a(6).
184
Let x(u) = 7760*u - 85358. Calculate x(11).
2
Let w(r) = -r**2 + 433*r - 2536. Give w(6).
26
Let h(j) = j**3 - 22*j**2 - 76*j - 36. Calculate h(25).
-61
Let k(b) = -26*b**2 + 254*b + 57. What is k(10)?
-3
Let b(p) = 37*p**2 + 330*p + 9. What is b(-10)?
409
Let y(g) = -31*g - 101. Determine y(-4).
23
Let w(v) = 7*v**2 + 29*v - 51. Give w(-5).
-21
Let w(y) = 5*y**2 + 483*y - 193. Give w(-97).
1
Let b(k) = k**3 - 21*k**2 + 28*k - 111. What is b(20)?
49
Let q(u) = -u**3 + 3*u**2 + 32*u + 70. Give q(8).
6
Let j(y) = -11*y - 545. Calculate j(-50).
5
Let j(k) = k**3 - 44*k**2 - 95*k + 91. Calculate j(46).
-47
Let m(d) = 3*d**2 + 245*d - 496. Give m(2).
6
Let r(w) = -54*w + 629. What is r(11)?
35
Let t(h) = -h**3 - 4*h**2 + 34*h + 12. Give t(-10).
272
Let t(n) = -n**3 + 12*n**2 - 20*n + 37. Calculate t(11).
-62
Let j(p) = -p**3 - 86*p**2 - 81*p + 517. Give j(-85).
177
Let p(f) = -2*f**2 + 978*f - 22. What is p(0)?
-22
Let n(w) = w**2 + 5855*w - 206144. Give n(35).
6
Let m(a) = -59*a - 731. What is m(-9)?
-200
Let b(h) = -2*h**3 + 18*h**2 - 3*h - 47. Calculate b(9).
-74
Let b(q) = 6*q**2 - 530*q - 847. Calculate b(90).
53
Let u(c) = -c**3 + 4*c**2 - 30*c + 85. Determine u(3).
4
Let g(v) = -3*v**3 + 69*v**2 + 75*v - 54. What is g(24)?
18
Let g(l) = -791*l - 12626. Calculate g(-16).
30
Let p(a) = a**2 + 22*a + 42. Give p(9).
321
Let g(p) = 16*p**2 - 11*p - 27. Determine g(-2).
59
Let x(v) = 84*v + 3934. Calculate x(-47).
-14
Let g(z) = z**2 + 103*z + 663. Give g(-7).
-9
Let s(y) = y**3 + 45*y**2 - 130*y + 697. Calculate s(-48).
25
Let h(z) = -33*z + 205. Calculate h(6).
7
Let h(y) = 45*y**2 + 158*y - 24. What is h(-4)?
64
Let p(h) = -1597*h - 15972. Give p(-10).
-2
Let m(t) = -5767*t + 57668. Give m(10).
-2
Let w(u) = 832*u - 7. Give w(0).
-7
Let t(o) = o**2 - 42*o - 97. What is t(47)?
138
Let r(i) = -248*i - 16878. Give r(-68).
-14
Let u(f) = 38*f + 402. Determine u(-10).
22
Let p(h) = 489*h - 8322. What is p(17)?
-9
Let t(x) = 3*x**2 + 27*x - 19. Give t(-14).
191
Let t(g) = -142*g - 119. What is t(-1)?
23
Let g(z) = -10*z**2 - 477*z + 175. Determine g(-48).
31
Let w(t) = 133*t + 1810. Calculate w(-14).
-52
Let x(a) = 164*a + 2467. Determine x(-15).
7
Let u(l) = 6*l**2 + 170*l + 80. Calculate u(-28).
24
Let m(r) = 32*r - 346. Calculate m(0).
-346
Let l(b) = 849*b - 14398. Calculate l(17).
35
Let a(l) = -37*l**3 + 188*l**2 - 14*l - 8. Determine a(5).
-3
Let g(m) = 16*m - 248. Determine g(18).
40
Let c(v) = -17*v**2 - 924*v - 331. Give c(-54).
-7
Let j(o) = -o**3 - 19*o**2 - 26*o - 113. Determine j(-18).
31
Let h(c) = 44*c - 363. Give h(22).
605
Let v(g) = -304*g + 350. What is v(2)?
-258
Let t(q) = 769*q + 8478. Give t(-11).
19
Let b(n) = -4*n**3 - n**2 - 7*n - 9. Determine b(-2).
33
Let q(j) = -4*j**3 - 303*j**2 + 48*j - 2139. Determine q(-76).
-11
Let t(n) = -7*n**2 - 24*n - 1. Give t(-3).
8
Let z(t) = -t**3 + 3*t**2 + 27*t + 101. Give z(8).
-3
Let a(v) = 2*v**2 + 24*v + 65. Give a(-13).
91
Let l(g) = -g**3 + 2*g**2 + 13*g. Give l(-4).
44
Let x(s) = -4*s**3 + 25*s**2 + 8*s + 7. Give x(7).
-84
Let l(m) = -m - 30. Give l(4).
-34
Let w(g) = 113*g + 5532. Give w(-49).
-5
Let n(f) = -f**3 + 13*f**2 + 234*f - 26. Determine n(23).
66
Let l(t) = 72*t + 169. What is l(-2)?
25
Let x(q) = 2*q**2 - 1271*q + 10022. What is x(8)?
-18
Let d(c) = 2*c**3 - 12*c**2 + 25*c - 227. Calculate d(7).
46
Let j(m) = -m**2 + 25*m + 101. Give j(29).
-15
Let v(b) = -4*b**3 - 15*b**2 + 8*b + 1. Calculate v(-6).
277
Let b(x) = 441*x - 11484. Calculate b(26).
-18
Let y(k) = -299*k + 287. Calculate y(1).
-12
Let p(l) = l**3 - 25*l + 35. What is p(8)?
347
Let w(u) = -87*u**3 - 3*u**2 + u + 1. Give w(-1).
84
Let n(z) = -z**2 - 135*z - 4088. What is n(-46)?
6
Let h(l) = 128*l**2 + 277*l + 31. Give h(-2).
-11
Let z(l) = -3*l + 199. Calculate z(-2).
205
Let s(f) = f**3 - 33*f**2 + 68*f - 231. Give s(31).
-45
Let c(t) = 9*t - 480. Determine c(39).
-129
Let z(y) = -1120*y + 6739. Determine z(6).
19
Let p(j) = -113*j**2 - 10623*j - 97. Calculate p(-94).
-3
Let y(z) = 2*z**3 + 296*z**2 - 51*z - 7565. Give y(-148).
-17
Let y(r) = -r**3 + 17*r**2 - 7*r + 303. Determine y(18).
-147
Let g(o) = 11*o**3 + 69*o**2 + 288*o + 1624. Calculate g(-6).
4
Let n(q) = 7*q**2 - 71*q - 1. Calculate n(10).
-11
Let k(w) = -7*w**2 - 10